
8
Let k = 0 + 5. Suppose x = -3*x + p + 178, 231 = k*x + 3*p. Calculate the greatest common divisor of 18 and x.
9
Suppose p - 1032 = -3*p. Suppose 0 = -4*s + 17 + 3. Suppose -s*x + p = -2. What is the highest common divisor of x and 13?
13
Let k(p) = -p**3 + 24. Let x be k(0). Let m = x - -3. Suppose 3*z + m = 3*v, -v - 2*v + 51 = 5*z. What is the greatest common divisor of v and 84?
12
Let x(s) = 4*s + 22. Let w be x(27). What is the highest common factor of 13 and w?
13
Let a be (30 - 2) + 2 - -4. What is the greatest common divisor of a and 306?
34
Suppose 6*u - 2*u = 112. Let w be (-6)/39 + 372/52. What is the highest common divisor of w and u?
7
Suppose 6*s - n = 2*s + 104, 105 = 5*s + 5*n. What is the greatest common divisor of 75 and s?
25
Let u(n) = n**2 - 19*n - 17. Let x be u(21). Calculate the highest common divisor of 10 and x.
5
Suppose 5*k - 69 = 2*k. Let s = k - 10. What is the highest common divisor of 13 and s?
13
Suppose 0 = -2*j + 3*z + 23, 3*z + 2*z = 3*j - 34. What is the highest common factor of j and 39?
13
Suppose 2*k = 4*k + 52. Let b be 0 - (k - (1 + -3)). Let m = -58 + 66. Calculate the greatest common factor of m and b.
8
Suppose -2*z + 76 = -5*g, -3*z + 0*g = -2*g - 92. What is the greatest common divisor of 140 and z?
28
Let f = 1 - 2. Let t(k) = 6*k**2 + 2*k + 1. Let c be t(f). What is the greatest common divisor of c and 25?
5
Let r(w) = w + 3. Let h be r(-5). Let k be ((-15)/6)/(h/4). Suppose -4*x + 5*f = -60, 0 = x + 6*f - 2*f - 36. What is the greatest common factor of k and x?
5
Suppose -v = -4*q - 14, 0 = -4*v - 5*q - 15 + 92. Suppose 2*c - 19 = -1. Calculate the highest common divisor of v and c.
9
Let j be ((-6)/4)/(6/(-16)). Let a = 4 + 16. Let s be ((-48)/16)/((-3)/a). Calculate the highest common divisor of s and j.
4
Suppose -132 = -61*n + 58*n. Calculate the highest common divisor of 11 and n.
11
Let k be (-1)/2*22/(-1). Let w(l) = l - 9. Let c be w(11). Suppose 2*n + 0 = c. Calculate the highest common divisor of k and n.
1
Suppose 4*n - y = 672 + 843, 3*n - 4*y - 1146 = 0. Suppose -3*g + g + n = 0. What is the greatest common factor of g and 21?
21
Let o be 2 + (-7)/((-7)/(-2)). Suppose -4*c + a + 8 = -o, -14 = -2*c - 2*a. What is the highest common divisor of 3 and c?
3
Let g(h) = 5*h**2 - 9*h + 10 + 2*h - 4*h**2. Let f be g(10). What is the highest common factor of f and 16?
8
Let q be 17/2*(10 + -2). What is the highest common factor of 170 and q?
34
Let m = 250 + -136. Suppose 0 = 2*h + 4*f - 16, 4*f + m = 4*h + 34. What is the highest common factor of h and 40?
8
Let p(h) = -h**2 - 12*h - 16. Let t be p(-8). Calculate the highest common factor of t and 32.
16
Suppose -4*o - 48 = -8*o + 5*s, -2*o + 4*s + 30 = 0. Calculate the greatest common divisor of o and 49.
7
Let q(p) = p**3 - 6*p**2 + 8*p - 10. Let g be q(5). Let y = 39 - 4. Calculate the highest common factor of g and y.
5
Suppose -4*h + 693 = 3*m - 78, 0 = 3*m - 5*h - 744. Suppose -69 = 3*l - 6*l. What is the greatest common factor of l and m?
23
Let l be 6/(2 - -1)*2. Suppose l*a = 4*o + 112, 0*o = a + o - 32. What is the greatest common divisor of 10 and a?
10
Let t = 15 + -52. Let z = -4 - t. Calculate the highest common factor of z and 33.
33
Let m(c) = -24*c. Let i be m(-7). Suppose 0 = -2*h + 20 + 28. What is the highest common divisor of i and h?
24
Let z be (-18)/(-4)*(3 + -1). Let b = -5 + z. Suppose -3*a + 6*r + 15 = 9*r, 0 = 4*a + 5*r - 17. What is the greatest common factor of a and b?
4
Let k be (-2 + 1)*-1*0. Let y be (-3 - k - -3) + 21. Calculate the greatest common divisor of y and 7.
7
Suppose -h - 4*t = -18, 3*h - 4*t = -0*t + 22. Suppose -2*v + 14 = 4*y - h, 0 = v - y. What is the greatest common factor of v and 8?
4
Let z be ((-8)/(-20))/((-2)/(-40)). Let k(t) = t**2 - 7*t - 2. Let y be k(z). Calculate the highest common factor of y and 30.
6
Let r = 21 + -28. Let a be 50 + 4 + (r - 1). What is the highest common factor of 115 and a?
23
Let z(m) = m**2 + 2*m - 11. Let w be z(-5). What is the greatest common divisor of w and 2?
2
Let z = -88 + 114. What is the greatest common factor of 65 and z?
13
Suppose 9*w = 5*w + 360. Calculate the greatest common divisor of w and 36.
18
Suppose 6 + 4 = 2*y. Suppose 3 + y = 2*d. Suppose 0 = m + d*m + 3*f - 36, 0 = -2*m + 2*f + 24. Calculate the highest common divisor of 6 and m.
3
Suppose -4*i + 10 = r + r, -3*r = -5*i - 4. Let c = 25 + -17. Suppose -3*o = r*h - o - 26, o = 2*h - c. Calculate the greatest common divisor of 66 and h.
6
Let x(k) = -k**2 + 8*k - 7. Let s be x(5). What is the greatest common divisor of 72 and s?
8
Suppose 5*q - 105 = -4*n, -3*n - n - q = -85. Let t(j) = -2*j. Let f be t(-4). Calculate the highest common divisor of f and n.
4
Suppose 5*n - p - 31 = -1, -4*p = -20. Let h be n/((-14)/552) - 3. Let b = -125 - h. Calculate the greatest common factor of 14 and b.
14
Let a = -1 + 3. Let k = a + 3. Let p(j) = j**3 - 4*j**2 + 2*j. Let v be p(k). What is the highest common factor of v and 14?
7
Let r be (3 - 4/2)*2. Let c be (21 - 2/r)*4. What is the greatest common factor of c and 10?
10
Let q = 85 - 83. Calculate the highest common factor of 3 and q.
1
Let p = -68 + 73. Calculate the highest common divisor of p and 55.
5
Let o = -23 - -1. Let r be ((-6)/(-3))/((-1)/o). Suppose -2 = q - r. What is the greatest common divisor of 28 and q?
14
Suppose 0*j + 3*j - 1680 = 0. Suppose -5*v + j = -2*g, 2*v = -2*g + 330 - 120. Calculate the highest common divisor of v and 10.
10
Let y(o) = -3*o + 3. Let c be y(-1). Calculate the highest common factor of c and 42.
6
Suppose 0 = 5*d + z - 821, -2*d - 2*z = d - 487. What is the highest common factor of d and 15?
15
Let o = -667 + 1061. Let p = o - 174. What is the highest common factor of p and 20?
20
Suppose -l + 42 = -42. What is the greatest common divisor of 14 and l?
14
Let f = -150 - -486. Suppose 2*g = 4*g - f. Calculate the greatest common factor of g and 21.
21
Let w(c) = 3*c + 7. Let f be w(3). Let u = 24 - f. Suppose -18 = 4*d - 210. What is the greatest common factor of d and u?
8
Suppose -5*p = -w + 212, -4*w + 132 = -p - 792. What is the highest common factor of 29 and w?
29
Let l(d) = 10*d**2 - 3*d - 2. Let f be l(-3). Let q = f - -2. What is the highest common divisor of q and 9?
9
Let s be 3/(-2)*12/(-9). Let g(z) = 3*z + z + 3 + z**3 + 7*z**s + 0*z**2. Let t be g(-6). What is the greatest common factor of 135 and t?
15
Let s = -11 - -35. Let n(i) = i**2 - 10*i + 4. Let k be n(10). Suppose z + 4*z = 0, k*c = 3*z + 240. Calculate the greatest common divisor of c and s.
12
Let d(z) = -29*z**2 + z. Let g be d(1). Let y = -20 - g. Suppose -4*f = -119 - 137. Calculate the highest common divisor of f and y.
8
Let j be 1/2 - (-667)/46. Calculate the greatest common factor of 10 and j.
5
Suppose -4*a + 21 - 5 = 0, -n + 146 = -2*a. Calculate the highest common factor of n and 14.
14
Let l(a) = a**2 + 36. Let i be l(0). Calculate the highest common divisor of 24 and i.
12
Let i be 4/(-3)*(-9)/2. Suppose -24 = -5*u + c, -2*u = i*c - 2*c - 14. What is the greatest common factor of 10 and u?
5
Suppose 3*h + 5*g - 19 = 0, -2*g + 7*g + 29 = 3*h. What is the highest common divisor of h and 8?
8
Let c(v) = v - 2. Let m be c(10). Let f = 72 + m. Calculate the highest common divisor of f and 10.
10
Let j be -2 + (-1 - -3) + -3. Let i be (j - (2 + -2)) + 5. Suppose -i*q + 18 = -8. What is the greatest common factor of 91 and q?
13
Suppose -2 = -3*j + 4. Let c(n) = n. Let a be c(j). Suppose 34 = 2*f + 2*f - y, 0 = a*f - 5*y - 26. Calculate the greatest common divisor of f and 88.
8
Let t = -1 + 4. Let f be 5/(-20) - 61/(-4). What is the greatest common divisor of f and t?
3
Let t be (13 - 1)*(-7)/(-14). Let j be (-124)/(-10) + t/(-15). What is the highest common divisor of j and 12?
12
Let h = 243 - 131. Suppose 5*x + 70 = 5*k, -2*k - 3*x + 15 = -23. Calculate the highest common divisor of k and h.
16
Let d(l) = -l**2 + 11*l - 4. Let s be d(8). Let k = -3 - -43. What is the greatest common divisor of k and s?
20
Let i be 6/(-21) - 9/(-7). Let g be (9 - i)/(1 + 0). Suppose -s = 2 - 4. What is the greatest common divisor of s and g?
2
Let w = 35 + -15. What is the greatest common factor of w and 4?
4
Let s be -1 + 18 + 